(26). What is the greatest common divisor of g and 592?
37
Let d(p) = 15*p**2 + 36*p - 33. Let q(h) = 23*h**2 + 55*h - 50. Let l(n) = 8*d(n) - 5*q(n). Let f be l(1). Calculate the greatest common divisor of 2 and f.
2
Let z(n) = 228*n + 1008. Let d be z(54). Calculate the greatest common divisor of d and 37.
37
Suppose -15*r - 1675 = -6460. Suppose -r = 5*m - 399. Calculate the highest common factor of 88 and m.
8
Let j(t) = -t**3 - 17*t**2 + 171*t + 74. Let s be j(-24). What is the greatest common factor of 1018 and s?
2
Suppose -2*a = m - 1599, -2*m = -0*a + 2*a - 1596. Let z = a + -396. Let d(x) = 45*x**2. Let r be d(1). Calculate the greatest common factor of z and r.
45
Let g be 361 + ((7 + -10)*2 - (0 - 1)). What is the greatest common factor of 16 and g?
4
Suppose g = -5 + 8. Suppose 0 = 3*b - 4*z - 4, 2*z - g = -b + 3*z. Let j be 2/12 + (-238)/(-12). What is the highest common divisor of b and j?
4
Suppose 0 = 26*g - 13688 - 3472. What is the greatest common divisor of g and 6?
6
Suppose 0 = 2*k + 3*x - 28 - 101, 3*k - 2*x - 174 = 0. Suppose 4*i + 5*z = 2*i + 44, 4*i = 4*z + k. What is the greatest common divisor of 85 and i?
17
Suppose 184 = -h - 7*h. Let k = -17 - h. Let m be 3/k*30*1. What is the greatest common factor of m and 30?
15
Suppose 3*s = -20*b + 16*b + 86, -b - s = -21. Let p be (0 - 1)/(3/(-621)). Calculate the greatest common divisor of p and b.
23
Let y(l) = 25*l - 2. Let c be y(2). Suppose -6*o = p - 66 - 78, -432 = -3*p - 3*o. Calculate the highest common divisor of c and p.
48
Let a(h) = h**3 + 34*h**2 + 26*h + 161. Let m be a(-30). What is the highest common factor of m and 11?
11
Let l be 36/(-12) - -3 - (-2 - 0). Let o be 148/(-8)*(-4 + l). What is the highest common factor of 111 and o?
37
Suppose 339*g = 325*g + 894 - 138. What is the greatest common factor of 6228 and g?
18
Suppose -149*o + 6 + 127 + 16 = 0. Calculate the greatest common factor of o and 343.
1
Let q(l) = 46*l**2 - 2*l - 4. Let c be q(-3). Let w(u) = -445*u + 2702. Let a be w(6). Calculate the highest common divisor of c and a.
32
Suppose 11 + 49 = 10*m. Let a(v) = 2*v**3 + v**2 - 17*v - 3. Let h be a(m). Calculate the greatest common divisor of 66 and h.
33
Let r be (-744)/9*1/(-1 + 8/(-24)). Calculate the greatest common divisor of r and 3.
1
Suppose 0 = -n - n + 30. Let b(m) = -m**3 - 6*m**2 + 641*m - 175. Let d be b(22). What is the highest common divisor of d and n?
15
Let k be ((-13)/((-234)/24))/(2/3). Suppose 76 = k*j + 3*y - 0*y, y = -3*j + 100. Calculate the greatest common divisor of j and 8.
8
Suppose -2*l + 34 = 32. Let i(s) = 31*s**3 + s**2 + s - 2. Let y be i(l). Let v = 56 - y. What is the highest common divisor of v and 5?
5
Suppose -11*p = 4*p - 22*p. Suppose 4*d = -v - v + 312, 4*v + 4*d - 624 = p. What is the greatest common divisor of v and 104?
52
Suppose 0*w + 3*w + 126 = 12*w. Calculate the greatest common divisor of w and 706.
2
Let o = 194 + 17576. Calculate the highest common divisor of o and 10.
10
Let f be (-18108)/(-2) + 23 + -38 + 12. Calculate the greatest common divisor of 21 and f.
21
Suppose -20*z + 2751 = -17*z. Calculate the highest common factor of z and 14.
7
Let b(r) = -r**3 + 9*r**2 - 6*r + 10. Let n = 145 - 137. Let a be b(n). Calculate the highest common divisor of 26 and a.
26
Let m(i) = 6*i**2 - 137*i + 133. Let b be m(35). Calculate the highest common divisor of b and 120.
24
Let s be (113 - 118)*10/2*-5. Suppose 0 = 4*t - y - s, -170 = -5*t + 7*y - 3*y. What is the greatest common factor of t and 540?
30
Suppose 16*c = 24*c + 6660 - 46524. What is the greatest common divisor of c and 11?
11
Suppose 4*f - 91 = -3*s, -13 - 15 = -s + f. Suppose 0 = 13*l + 23 + s. Let n be (l/(-2)*-1)/((-35)/105). Calculate the highest common factor of 96 and n.
6
Suppose -16*g + g = -3*g - 120. Calculate the highest common factor of g and 20830.
10
Let w(j) = j**2 + 5*j + 6. Let u be w(-5). Let b = 524 - 521. What is the highest common factor of u and b?
3
Suppose 91 = -47*q + 54*q. Let z be (-39)/q + (-10)/(-2). What is the highest common factor of 6 and z?
2
Suppose -18*m + 737 = -4303. Calculate the greatest common factor of m and 455.
35
Let l be (207/345)/((-1)/20*-2). Let i(u) = u**2 - 5*u + 7. Let c be i(l). Calculate the highest common factor of c and 13.
13
Let i(v) = -331*v - 1332. Let r be i(-15). Calculate the highest common factor of 42 and r.
21
Let d(g) = 2*g**2 - 2*g - 1. Let l be d(2). Suppose -540*s = -680*s + 3920. What is the greatest common factor of s and l?
1
Let f(a) be the second derivative of -21*a**3/2 - 95*a**2/2 - 10*a - 1. Let k be f(-17). Calculate the highest common divisor of k and 61.
61
Suppose -59 = 2*l - 5*l + 4*f, 5*l = -f + 83. Suppose -127 = -5*s + 28. Suppose 12 = 2*t - j - 25, -s = -2*t - j. What is the greatest common factor of l and t?
17
Suppose 0 = 4*u - 9 - 99. Let k be -1 - (-14)/21*u. What is the highest common factor of 34 and k?
17
Suppose 0 = 4*y - 4 + 12, 4*y = -4*l + 5052. Calculate the highest common factor of 143 and l.
11
Let c(k) = 2*k**2 - 9*k + 10. Let o be c(1). Suppose h + 153 = 4*s + 17, -o*s = 4*h - 102. What is the highest common divisor of s and 51?
17
Let v = 116 + -114. Suppose 7 + 5 = v*q. What is the highest common divisor of 102 and q?
6
Let p(m) = 3*m**2 + 115*m + 1148. Let o be p(-63). Calculate the greatest common factor of 245 and o.
35
Let z = 1465 - 1493. Let m(x) = -x. Let f(p) = 8*p - 33. Let r(u) = -f(u) - 4*m(u). Let b be r(z). What is the greatest common divisor of b and 58?
29
Suppose -2*y + 5*p + 41 = 0, -3*y + 10*p - 5*p = -59. Let j be y/27 - 1556/(-6). Let z be 2/6 - j/(-12). What is the greatest common factor of 33 and z?
11
Let c = 7438 - 7100. What is the highest common divisor of 5239 and c?
169
Let g be 10/(-70)*-14*2*2. Let i be (-8)/g + (351 - -2). Calculate the highest common divisor of 11 and i.
11
Let d(j) = j**3 + 24*j**2 - 22*j + 70. Let m be d(-25). Let o be 14*m/10*-45. What is the greatest common divisor of 45 and o?
45
Suppose 58 = 4*k - d + 3*d, -5*d = 15. Let j(a) = a**2 + 6*a - 3. Let b be j(-9). What is the greatest common factor of k and b?
8
Let v(k) = -2842*k + 1276. Let q(r) = 247*r - 111. Let l(s) = 58*q(s) + 5*v(s). Let z be l(3). Calculate the highest common factor of z and 58.
58
Suppose -18*s - 5*s = -2530. Let y be -2*11*10/(-4). Suppose 7*t - 15 = y. What is the greatest common factor of t and s?
10
Let o = 32 - 19. Let a(d) = 16*d**2 - 241*d - 468. Let p be a(-2). What is the highest common factor of o and p?
13
Let z(q) = 5*q**3 + 98*q**2 - 27 - 37*q**2 - 35*q**2 - 42*q**2 + 52*q - 4*q**3. Let w be z(12). Calculate the greatest common factor of w and 217.
7
Suppose 37*p - 334 = -38. Let m be p + -2 + 4 + -7 + 17. What is the highest common divisor of 140 and m?
20
Suppose -2*m - 4*x - 198 + 220 = 0, 0 = 2*m - 3*x - 57. What is the greatest common factor of 6153 and m?
21
Let f(h) = h**3 + 23*h**2 + 47*h - 140. Let c be f(19). What is the highest common divisor of 15 and c?
15
Suppose o - 16 = -5*w + 3*w, 5*w + 35 = 5*o. Let k be (-56)/o*(-90)/12. Let b = -22 - -36. Calculate the highest common factor of k and b.
14
Let a(o) = -o**2 + 838*o + 9355. Let j be a(-11). Calculate the greatest common divisor of j and 21296.
16
Let a = -265 + 420. Suppose a*u + 12 = 161*u. What is the highest common divisor of 118 and u?
2
Suppose -3*y + r + 3922 = 0, -8*r = -y - 5*r + 1302. Calculate the greatest common factor of 12 and y.
12
Let b be 11562/15 - (-28)/(-35). Calculate the greatest common factor of b and 176.
22
Let m be (-5112)/(-15) - 88/110. Suppose -113*z = -123*z + m. What is the greatest common divisor of z and 986?
34
Suppose 88 = 5*v - 12. Let n be ((-5)/15)/(1/9). Let c be (-1)/3 - 16/n. Calculate the greatest common factor of c and v.
5
Suppose 0*v + 93 = v. Let r = -55 + v. Let w = 1712 - 1655. Calculate the highest common divisor of w and r.
19
Let q(o) = 527*o + 121. Let t be q(1). What is the greatest common divisor of 48 and t?
24
Let r = 142 - 822. Let l be (1 + 3/6)*r/(-60). What is the highest common factor of 17 and l?
17
Let g = -46146 - -62021. Calculate the greatest common divisor of g and 127.
127
Let f be 2 + ((-56)/10)/((-44)/110). Let x be (-6)/4 + 76*42/f. What is the highest 